{"id":84,"date":"2019-01-20T16:13:47","date_gmt":"2019-01-20T16:13:47","guid":{"rendered":"https:\/\/www.tischlerei-reutter.de\/?page_id=84"},"modified":"2025-07-21T16:01:52","modified_gmt":"2025-07-21T16:01:52","slug":"leistungen","status":"publish","type":"page","link":"https:\/\/www.tischlerei-reutter.de\/?page_id=84","title":{"rendered":"Leistungen"},"content":{"rendered":"<ul>\n<li>Fenster<\/li>\n<\/ul>\n<p>Holz<\/p>\n<p>Kunststoff<\/p>\n<ul>\n<li>T\u00fcren<\/li>\n<\/ul>\n<p>Haust\u00fcren<\/p>\n<p>Zimmert\u00fcren<\/p>\n<p><img data-recalc-dims=\"1\" loading=\"lazy\" decoding=\"async\" class=\"wp-image-128 alignnone size-full\" src=\"https:\/\/i0.wp.com\/www.tischlerei-reutter.de\/wp-content\/uploads\/2019\/01\/hinged-doors-2709566_1920.png?resize=525%2C378&#038;ssl=1\" width=\"525\" height=\"378\" srcset=\"https:\/\/i0.wp.com\/www.tischlerei-reutter.de\/wp-content\/uploads\/2019\/01\/hinged-doors-2709566_1920.png?w=1920&amp;ssl=1 1920w, https:\/\/i0.wp.com\/www.tischlerei-reutter.de\/wp-content\/uploads\/2019\/01\/hinged-doors-2709566_1920.png?resize=300%2C216&amp;ssl=1 300w, https:\/\/i0.wp.com\/www.tischlerei-reutter.de\/wp-content\/uploads\/2019\/01\/hinged-doors-2709566_1920.png?resize=768%2C552&amp;ssl=1 768w, https:\/\/i0.wp.com\/www.tischlerei-reutter.de\/wp-content\/uploads\/2019\/01\/hinged-doors-2709566_1920.png?resize=1024%2C737&amp;ssl=1 1024w, https:\/\/i0.wp.com\/www.tischlerei-reutter.de\/wp-content\/uploads\/2019\/01\/hinged-doors-2709566_1920.png?w=1575&amp;ssl=1 1575w\" sizes=\"auto, (max-width: 767px) 89vw, (max-width: 1000px) 54vw, (max-width: 1071px) 543px, 580px\" \/><\/p>\n<ul>\n<li>Beschlagarbeiten<\/li>\n<\/ul>\n<p>Fensterreparatur<\/p>\n<p>M\u00f6belbeschl\u00e4ge<\/p>\n<ul>\n<li>M\u00f6bel &amp; Innenausbau<\/li>\n<\/ul>\n<p>Individuell<\/p>\n<p><img data-recalc-dims=\"1\" loading=\"lazy\" decoding=\"async\" class=\"wp-image-132 alignnone size-full\" src=\"https:\/\/i0.wp.com\/www.tischlerei-reutter.de\/wp-content\/uploads\/2019\/01\/bed-1839184_1920.jpg?resize=525%2C368&#038;ssl=1\" width=\"525\" height=\"368\" srcset=\"https:\/\/i0.wp.com\/www.tischlerei-reutter.de\/wp-content\/uploads\/2019\/01\/bed-1839184_1920.jpg?w=1920&amp;ssl=1 1920w, https:\/\/i0.wp.com\/www.tischlerei-reutter.de\/wp-content\/uploads\/2019\/01\/bed-1839184_1920.jpg?resize=300%2C210&amp;ssl=1 300w, https:\/\/i0.wp.com\/www.tischlerei-reutter.de\/wp-content\/uploads\/2019\/01\/bed-1839184_1920.jpg?resize=768%2C538&amp;ssl=1 768w, https:\/\/i0.wp.com\/www.tischlerei-reutter.de\/wp-content\/uploads\/2019\/01\/bed-1839184_1920.jpg?resize=1024%2C717&amp;ssl=1 1024w, https:\/\/i0.wp.com\/www.tischlerei-reutter.de\/wp-content\/uploads\/2019\/01\/bed-1839184_1920.jpg?w=1575&amp;ssl=1 1575w\" sizes=\"auto, (max-width: 767px) 89vw, (max-width: 1000px) 54vw, (max-width: 1071px) 543px, 580px\" \/><\/p>\n<p><img data-recalc-dims=\"1\" loading=\"lazy\" decoding=\"async\" class=\"wp-image-133 alignnone size-full\" src=\"https:\/\/i0.wp.com\/www.tischlerei-reutter.de\/wp-content\/uploads\/2019\/01\/kitchen-2165756_1920.jpg?resize=525%2C348&#038;ssl=1\" width=\"525\" height=\"348\" data-temp-aztec-id=\"8d57c123-2133-4b7b-91d2-b22713d3fe98\" srcset=\"https:\/\/i0.wp.com\/www.tischlerei-reutter.de\/wp-content\/uploads\/2019\/01\/kitchen-2165756_1920.jpg?w=1920&amp;ssl=1 1920w, https:\/\/i0.wp.com\/www.tischlerei-reutter.de\/wp-content\/uploads\/2019\/01\/kitchen-2165756_1920.jpg?resize=300%2C199&amp;ssl=1 300w, https:\/\/i0.wp.com\/www.tischlerei-reutter.de\/wp-content\/uploads\/2019\/01\/kitchen-2165756_1920.jpg?resize=768%2C508&amp;ssl=1 768w, https:\/\/i0.wp.com\/www.tischlerei-reutter.de\/wp-content\/uploads\/2019\/01\/kitchen-2165756_1920.jpg?resize=1024%2C678&amp;ssl=1 1024w, https:\/\/i0.wp.com\/www.tischlerei-reutter.de\/wp-content\/uploads\/2019\/01\/kitchen-2165756_1920.jpg?w=1575&amp;ssl=1 1575w\" sizes=\"auto, (max-width: 767px) 89vw, (max-width: 1000px) 54vw, (max-width: 1071px) 543px, 580px\" \/><\/p>\n<ul>\n<li>Trockenbau<\/li>\n<\/ul>\n<p>Abgehangene Decken<\/p>\n<p>W\u00e4nde<\/p>\n<p>Spielger\u00e4te&nbsp;<\/p>\n\n\n<figure class=\"wp-block-image size-full\"><img data-recalc-dims=\"1\" loading=\"lazy\" decoding=\"async\" width=\"525\" height=\"394\" src=\"https:\/\/i0.wp.com\/www.tischlerei-reutter.de\/wp-content\/uploads\/2022\/02\/IMG-20210926-WA0000.jpg?resize=525%2C394&#038;ssl=1\" alt=\"\" class=\"wp-image-141\" srcset=\"https:\/\/i0.wp.com\/www.tischlerei-reutter.de\/wp-content\/uploads\/2022\/02\/IMG-20210926-WA0000.jpg?w=1024&amp;ssl=1 1024w, https:\/\/i0.wp.com\/www.tischlerei-reutter.de\/wp-content\/uploads\/2022\/02\/IMG-20210926-WA0000.jpg?resize=300%2C225&amp;ssl=1 300w, https:\/\/i0.wp.com\/www.tischlerei-reutter.de\/wp-content\/uploads\/2022\/02\/IMG-20210926-WA0000.jpg?resize=768%2C576&amp;ssl=1 768w\" sizes=\"auto, (max-width: 767px) 89vw, (max-width: 1000px) 54vw, (max-width: 1071px) 543px, 580px\" \/><figcaption class=\"wp-element-caption\">Spielger\u00fcst<\/figcaption><\/figure>\n\n\n\n<p>Terassenbau aus Massiv Holz und WPC<\/p>\n\n\n\n<figure class=\"wp-block-gallery has-nested-images columns-default is-cropped wp-block-gallery-1 is-layout-flex wp-block-gallery-is-layout-flex\">\n<figure class=\"wp-block-image\"><img data-recalc-dims=\"1\" loading=\"lazy\" decoding=\"async\" width=\"525\" height=\"394\" data-id=\"152\" src=\"https:\/\/i0.wp.com\/www.tischlerei-reutter.de\/wp-content\/uploads\/2025\/07\/img_8591.jpg?resize=525%2C394&#038;ssl=1\" alt=\"\" class=\"wp-image-152\" srcset=\"https:\/\/i0.wp.com\/www.tischlerei-reutter.de\/wp-content\/uploads\/2025\/07\/img_8591.jpg?resize=1024%2C768&amp;ssl=1 1024w, https:\/\/i0.wp.com\/www.tischlerei-reutter.de\/wp-content\/uploads\/2025\/07\/img_8591.jpg?resize=300%2C225&amp;ssl=1 300w, https:\/\/i0.wp.com\/www.tischlerei-reutter.de\/wp-content\/uploads\/2025\/07\/img_8591.jpg?resize=768%2C576&amp;ssl=1 768w, https:\/\/i0.wp.com\/www.tischlerei-reutter.de\/wp-content\/uploads\/2025\/07\/img_8591.jpg?resize=1536%2C1152&amp;ssl=1 1536w, https:\/\/i0.wp.com\/www.tischlerei-reutter.de\/wp-content\/uploads\/2025\/07\/img_8591.jpg?w=2000&amp;ssl=1 2000w\" sizes=\"auto, (max-width: 767px) 89vw, (max-width: 1000px) 54vw, (max-width: 1071px) 543px, 580px\" \/><figcaption class=\"wp-element-caption\">Bangkirai Terasse<\/figcaption><\/figure>\n<\/figure>\n","protected":false},"excerpt":{"rendered":"<p>Fenster Holz Kunststoff T\u00fcren Haust\u00fcren Zimmert\u00fcren Beschlagarbeiten Fensterreparatur M\u00f6belbeschl\u00e4ge M\u00f6bel &amp; Innenausbau Individuell Trockenbau Abgehangene Decken W\u00e4nde Spielger\u00e4te&nbsp; Terassenbau aus Massiv Holz und WPC<\/p>\n","protected":false},"author":1,"featured_media":0,"parent":0,"menu_order":0,"comment_status":"closed","ping_status":"closed","template":"","meta":{"footnotes":""},"class_list":["post-84","page","type-page","status-publish","hentry"],"aioseo_notices":[],"jetpack-related-posts":[],"jetpack_sharing_enabled":true,"_links":{"self":[{"href":"https:\/\/www.tischlerei-reutter.de\/index.php?rest_route=\/wp\/v2\/pages\/84","targetHints":{"allow":["GET"]}}],"collection":[{"href":"https:\/\/www.tischlerei-reutter.de\/index.php?rest_route=\/wp\/v2\/pages"}],"about":[{"href":"https:\/\/www.tischlerei-reutter.de\/index.php?rest_route=\/wp\/v2\/types\/page"}],"author":[{"embeddable":true,"href":"https:\/\/www.tischlerei-reutter.de\/index.php?rest_route=\/wp\/v2\/users\/1"}],"replies":[{"embeddable":true,"href":"https:\/\/www.tischlerei-reutter.de\/index.php?rest_route=%2Fwp%2Fv2%2Fcomments&post=84"}],"version-history":[{"count":8,"href":"https:\/\/www.tischlerei-reutter.de\/index.php?rest_route=\/wp\/v2\/pages\/84\/revisions"}],"predecessor-version":[{"id":154,"href":"https:\/\/www.tischlerei-reutter.de\/index.php?rest_route=\/wp\/v2\/pages\/84\/revisions\/154"}],"wp:attachment":[{"href":"https:\/\/www.tischlerei-reutter.de\/index.php?rest_route=%2Fwp%2Fv2%2Fmedia&parent=84"}],"curies":[{"name":"wp","href":"https:\/\/api.w.org\/{rel}","templated":true}]}}